{"id":1236,"date":"2023-04-05T18:49:14","date_gmt":"2023-04-05T18:49:14","guid":{"rendered":"https:\/\/www.arwinox.pl\/?page_id=1236"},"modified":"2024-01-08T12:52:34","modified_gmt":"2024-01-08T12:52:34","slug":"weze-spozywcze","status":"publish","type":"page","link":"https:\/\/www.arwinox.pl\/index.php\/weze-spozywcze\/","title":{"rendered":"W\u0118\u017bE SPO\u017bYWCZE"},"content":{"rendered":"\t\t<div data-elementor-type=\"wp-page\" data-elementor-id=\"1236\" class=\"elementor elementor-1236\">\n\t\t\t\t\t\t\t\t\t<section class=\"elementor-section elementor-top-section elementor-element elementor-element-ac4b9ad elementor-section-stretched elementor-section-boxed elementor-section-height-default elementor-section-height-default\" data-id=\"ac4b9ad\" data-element_type=\"section\" data-settings=\"{&quot;stretch_section&quot;:&quot;section-stretched&quot;}\">\n\t\t\t\t\t\t<div class=\"elementor-container elementor-column-gap-default\">\n\t\t\t\t\t<div class=\"elementor-column elementor-col-50 elementor-top-column elementor-element elementor-element-ed166f4\" data-id=\"ed166f4\" data-element_type=\"column\">\n\t\t\t<div class=\"elementor-widget-wrap elementor-element-populated\">\n\t\t\t\t\t\t\t\t<div class=\"elementor-element elementor-element-35d3b6d elementor-widget__width-initial elementor-widget elementor-widget-text-editor\" data-id=\"35d3b6d\" data-element_type=\"widget\" data-widget_type=\"text-editor.default\">\n\t\t\t\t<div class=\"elementor-widget-container\">\n\t\t\t<style>\/*! elementor - v3.17.0 - 08-11-2023 *\/\n.elementor-widget-text-editor.elementor-drop-cap-view-stacked .elementor-drop-cap{background-color:#69727d;color:#fff}.elementor-widget-text-editor.elementor-drop-cap-view-framed .elementor-drop-cap{color:#69727d;border:3px solid;background-color:transparent}.elementor-widget-text-editor:not(.elementor-drop-cap-view-default) .elementor-drop-cap{margin-top:8px}.elementor-widget-text-editor:not(.elementor-drop-cap-view-default) .elementor-drop-cap-letter{width:1em;height:1em}.elementor-widget-text-editor .elementor-drop-cap{float:left;text-align:center;line-height:1;font-size:50px}.elementor-widget-text-editor .elementor-drop-cap-letter{display:inline-block}<\/style>\t\t\t\t<p><strong><span style=\"color: #000000;\">W\u0104\u017b SSAWNO &#8211; T\u0141OCZNY<\/span><\/strong><\/p><p><span style=\"color: #000000;\">Medium: ciecze spo\u017cywcze t\u0142uste jak np. mleko<br \/><\/span><span style=\"color: #000000;\">\u015arednica: DN20 &#8211; DN100<br \/><\/span><span style=\"color: #000000;\">Ci\u015bnienie robocze: -0,9 bar\/ + 10,0 bar<br \/>Temperatura robocza:\u00a0-40\u00b0C +80\u00b0C sterylizacja do 110\u00b0C max. do 30 minut.<\/span><br \/><span style=\"color: #000000;\">Materia\u0142: NBR bia\u0142y bezwonny, bez smaku, przeznaczona do kontaktu z \u017cywno\u015bci\u0105 FDA.<br \/><\/span><span style=\"color: #000000;\">Wzmocnienie warstwami syntetycznymi i spiral\u0105 z drutu stalowego.<br \/><\/span><span style=\"color: #000000;\">Zakucie: obejma skorupowa nierdzewna, aluminiowa, tuleja nierdzewna.<br \/><\/span><span style=\"color: #000000;\">Ko\u0144c\u00f3wka: z\u0142\u0105cza DIN 11851, SMS, itd.<\/span><\/p>\t\t\t\t\t\t<\/div>\n\t\t\t\t<\/div>\n\t\t\t\t\t<\/div>\n\t\t<\/div>\n\t\t\t\t<div class=\"elementor-column elementor-col-50 elementor-top-column elementor-element elementor-element-4cdb37f\" data-id=\"4cdb37f\" data-element_type=\"column\">\n\t\t\t<div class=\"elementor-widget-wrap elementor-element-populated\">\n\t\t\t\t\t\t\t\t<div class=\"elementor-element elementor-element-84d3956 elementor-widget elementor-widget-image\" data-id=\"84d3956\" data-element_type=\"widget\" data-widget_type=\"image.default\">\n\t\t\t\t<div class=\"elementor-widget-container\">\n\t\t\t<style>\/*! elementor - v3.17.0 - 08-11-2023 *\/\n.elementor-widget-image{text-align:center}.elementor-widget-image a{display:inline-block}.elementor-widget-image a img[src$=\".svg\"]{width:48px}.elementor-widget-image img{vertical-align:middle;display:inline-block}<\/style>\t\t\t\t\t\t\t\t\t\t\t\t<img loading=\"lazy\" decoding=\"async\" width=\"580\" height=\"301\" src=\"https:\/\/www.arwinox.pl\/wp-content\/uploads\/2024\/01\/waz_1-1024x531.jpg\" class=\"attachment-large size-large wp-image-1507\" alt=\"\" srcset=\"https:\/\/www.arwinox.pl\/wp-content\/uploads\/2024\/01\/waz_1-1024x531.jpg 1024w, https:\/\/www.arwinox.pl\/wp-content\/uploads\/2024\/01\/waz_1-300x155.jpg 300w, https:\/\/www.arwinox.pl\/wp-content\/uploads\/2024\/01\/waz_1-768x398.jpg 768w, https:\/\/www.arwinox.pl\/wp-content\/uploads\/2024\/01\/waz_1-1536x796.jpg 1536w, https:\/\/www.arwinox.pl\/wp-content\/uploads\/2024\/01\/waz_1-2048x1061.jpg 2048w, https:\/\/www.arwinox.pl\/wp-content\/uploads\/2024\/01\/waz_1-1200x622.jpg 1200w, https:\/\/www.arwinox.pl\/wp-content\/uploads\/2024\/01\/waz_1-1980x1026.jpg 1980w\" sizes=\"(max-width: 580px) 100vw, 580px\" \/>\t\t\t\t\t\t\t\t\t\t\t\t\t\t\t<\/div>\n\t\t\t\t<\/div>\n\t\t\t\t\t<\/div>\n\t\t<\/div>\n\t\t\t\t\t\t\t<\/div>\n\t\t<\/section>\n\t\t\t\t<section class=\"elementor-section elementor-top-section elementor-element elementor-element-d1df2f6 elementor-section-stretched elementor-section-boxed elementor-section-height-default elementor-section-height-default\" data-id=\"d1df2f6\" data-element_type=\"section\" data-settings=\"{&quot;stretch_section&quot;:&quot;section-stretched&quot;}\">\n\t\t\t\t\t\t<div class=\"elementor-container elementor-column-gap-default\">\n\t\t\t\t\t<div class=\"elementor-column elementor-col-50 elementor-top-column elementor-element elementor-element-5d2b989\" data-id=\"5d2b989\" data-element_type=\"column\">\n\t\t\t<div class=\"elementor-widget-wrap elementor-element-populated\">\n\t\t\t\t\t\t\t\t<div class=\"elementor-element elementor-element-1103743 elementor-widget elementor-widget-text-editor\" data-id=\"1103743\" data-element_type=\"widget\" data-widget_type=\"text-editor.default\">\n\t\t\t\t<div class=\"elementor-widget-container\">\n\t\t\t\t\t\t\t<p><strong><span style=\"color: #000000;\">W\u0118\u017bE ELASTYCZNE<\/span><\/strong><\/p><p><span style=\"color: #000000;\">Medium: woda pitna, lekkie chemikalia, alkohole o niskim st\u0119\u017ceniu, gazy, materia\u0142y sypkie.<br \/><\/span><span style=\"color: #000000;\">\u015arednica: DN10 &#8211; DN100<br \/><\/span><span style=\"color: #000000;\">Ci\u015bnienie robocze: +2,0 bar\/ + 7,0 bar<br \/>Temperatura robocza: -5\u00b0C +60\u00b0C<\/span><br \/><span style=\"color: #000000;\">Materia\u0142: PCV transparentny (umo\u017cliwia kontrol\u0119 przep\u0142ywu medium)<br \/><\/span><span style=\"color: #000000;\">Wzmocnienie: spiral\u0105 stalow\u0105.<br \/><\/span><span style=\"color: #000000;\">Zakucie: obejma skorupowa nierdzewna, aluminiowa, tuleja nierdzewna, opaska.<br \/><\/span><span style=\"color: #000000;\">Ko\u0144c\u00f3wka: z\u0142\u0105cza DIN 11851, SMS, TRI CLAMP, itd.<\/span><\/p>\t\t\t\t\t\t<\/div>\n\t\t\t\t<\/div>\n\t\t\t\t\t<\/div>\n\t\t<\/div>\n\t\t\t\t<div class=\"elementor-column elementor-col-50 elementor-top-column elementor-element elementor-element-c39c7a6\" data-id=\"c39c7a6\" data-element_type=\"column\">\n\t\t\t<div class=\"elementor-widget-wrap elementor-element-populated\">\n\t\t\t\t\t\t\t\t<div class=\"elementor-element elementor-element-616411f elementor-widget__width-initial elementor-widget elementor-widget-image\" data-id=\"616411f\" data-element_type=\"widget\" data-widget_type=\"image.default\">\n\t\t\t\t<div class=\"elementor-widget-container\">\n\t\t\t\t\t\t\t\t\t\t\t\t\t\t\t<img loading=\"lazy\" decoding=\"async\" width=\"580\" height=\"537\" src=\"https:\/\/www.arwinox.pl\/wp-content\/uploads\/2024\/01\/waz_cord-1024x948.jpg\" class=\"attachment-large size-large wp-image-1509\" alt=\"\" srcset=\"https:\/\/www.arwinox.pl\/wp-content\/uploads\/2024\/01\/waz_cord-1024x948.jpg 1024w, https:\/\/www.arwinox.pl\/wp-content\/uploads\/2024\/01\/waz_cord-300x278.jpg 300w, https:\/\/www.arwinox.pl\/wp-content\/uploads\/2024\/01\/waz_cord-768x711.jpg 768w, https:\/\/www.arwinox.pl\/wp-content\/uploads\/2024\/01\/waz_cord-1536x1422.jpg 1536w, https:\/\/www.arwinox.pl\/wp-content\/uploads\/2024\/01\/waz_cord-1200x1111.jpg 1200w, https:\/\/www.arwinox.pl\/wp-content\/uploads\/2024\/01\/waz_cord.jpg 1617w\" sizes=\"(max-width: 580px) 100vw, 580px\" \/>\t\t\t\t\t\t\t\t\t\t\t\t\t\t\t<\/div>\n\t\t\t\t<\/div>\n\t\t\t\t\t<\/div>\n\t\t<\/div>\n\t\t\t\t\t\t\t<\/div>\n\t\t<\/section>\n\t\t\t\t<section class=\"elementor-section elementor-top-section elementor-element elementor-element-12d6569 elementor-section-stretched elementor-section-boxed elementor-section-height-default elementor-section-height-default\" data-id=\"12d6569\" data-element_type=\"section\" data-settings=\"{&quot;stretch_section&quot;:&quot;section-stretched&quot;}\">\n\t\t\t\t\t\t<div class=\"elementor-container elementor-column-gap-default\">\n\t\t\t\t\t<div class=\"elementor-column elementor-col-50 elementor-top-column elementor-element elementor-element-70629d7\" data-id=\"70629d7\" data-element_type=\"column\">\n\t\t\t<div class=\"elementor-widget-wrap elementor-element-populated\">\n\t\t\t\t\t\t\t\t<div class=\"elementor-element elementor-element-ce39a0e elementor-widget elementor-widget-text-editor\" data-id=\"ce39a0e\" data-element_type=\"widget\" data-widget_type=\"text-editor.default\">\n\t\t\t\t<div class=\"elementor-widget-container\">\n\t\t\t\t\t\t\t<p><span style=\"color: #000000;\"><strong>W\u0118\u017bE DO GOR\u0104CEJ WODY<\/strong><\/span><\/p><p><span style=\"color: #000000;\">Medium: woda, wino, piwo, mleko, sterylizacja wod\u0105 lub par\u0105.<br \/><\/span><span style=\"color: #000000;\">\u015arednica: DN10 &#8211; DN25<br \/><\/span><span style=\"color: #000000;\">Ci\u015bnienie robocze:\u00a0 10,0 bar<br \/>Temperatura robocza: -30\u00b0C +160\u00b0C<\/span><br \/><span style=\"color: #000000;\">Materia\u0142: bia\u0142a guma EPDM &#8211; FDA, bardzo gi\u0119tka.<br \/><\/span><span style=\"color: #000000;\">Wzmocnienie: syntetyczne, zewn\u0119trzne warstwy EPDM odporne na warunki atmosferyczne.<br \/><\/span><span style=\"color: #000000;\">Zakucie: obejma skorupowa nierdzewna, aluminiowa, tuleja nierdzewna.<br \/><\/span><span style=\"color: #000000;\">Ko\u0144c\u00f3wka: z\u0142\u0105cza DIN 11851, SMS, TRI CLAMP, itd.<\/span><\/p>\t\t\t\t\t\t<\/div>\n\t\t\t\t<\/div>\n\t\t\t\t\t<\/div>\n\t\t<\/div>\n\t\t\t\t<div class=\"elementor-column elementor-col-50 elementor-top-column elementor-element elementor-element-8f372b2\" data-id=\"8f372b2\" data-element_type=\"column\">\n\t\t\t<div class=\"elementor-widget-wrap elementor-element-populated\">\n\t\t\t\t\t\t\t\t<div class=\"elementor-element elementor-element-b54e190 elementor-widget elementor-widget-image\" data-id=\"b54e190\" data-element_type=\"widget\" data-widget_type=\"image.default\">\n\t\t\t\t<div class=\"elementor-widget-container\">\n\t\t\t\t\t\t\t\t\t\t\t\t\t\t\t<img loading=\"lazy\" decoding=\"async\" width=\"580\" height=\"400\" src=\"https:\/\/www.arwinox.pl\/wp-content\/uploads\/2024\/01\/ALI_2.jpg\" class=\"attachment-large size-large wp-image-1510\" alt=\"\" srcset=\"https:\/\/www.arwinox.pl\/wp-content\/uploads\/2024\/01\/ALI_2.jpg 707w, https:\/\/www.arwinox.pl\/wp-content\/uploads\/2024\/01\/ALI_2-300x207.jpg 300w\" sizes=\"(max-width: 580px) 100vw, 580px\" \/>\t\t\t\t\t\t\t\t\t\t\t\t\t\t\t<\/div>\n\t\t\t\t<\/div>\n\t\t\t\t\t<\/div>\n\t\t<\/div>\n\t\t\t\t\t\t\t<\/div>\n\t\t<\/section>\n\t\t\t\t<section class=\"elementor-section elementor-top-section elementor-element elementor-element-1a61b7e elementor-section-stretched elementor-section-boxed elementor-section-height-default elementor-section-height-default\" data-id=\"1a61b7e\" data-element_type=\"section\" data-settings=\"{&quot;stretch_section&quot;:&quot;section-stretched&quot;}\">\n\t\t\t\t\t\t<div class=\"elementor-container elementor-column-gap-default\">\n\t\t\t\t\t<div class=\"elementor-column elementor-col-100 elementor-top-column elementor-element elementor-element-fb67f44\" data-id=\"fb67f44\" data-element_type=\"column\">\n\t\t\t<div class=\"elementor-widget-wrap elementor-element-populated\">\n\t\t\t\t\t\t\t\t<div class=\"elementor-element elementor-element-4d86298 elementor-widget elementor-widget-text-editor\" data-id=\"4d86298\" data-element_type=\"widget\" data-widget_type=\"text-editor.default\">\n\t\t\t\t<div class=\"elementor-widget-container\">\n\t\t\t\t\t\t\t<h4 style=\"text-align: center;\"><strong><span style=\"color: #0000ff;\">KO\u0143C\u00d3WKI DO W\u0118\u017bY, OBEJMY, OPASKI<\/span><\/strong><\/h4>\t\t\t\t\t\t<\/div>\n\t\t\t\t<\/div>\n\t\t\t\t\t<\/div>\n\t\t<\/div>\n\t\t\t\t\t\t\t<\/div>\n\t\t<\/section>\n\t\t\t\t<section class=\"elementor-section elementor-top-section elementor-element elementor-element-a9ffb95 elementor-section-stretched elementor-section-boxed elementor-section-height-default elementor-section-height-default\" data-id=\"a9ffb95\" data-element_type=\"section\" data-settings=\"{&quot;stretch_section&quot;:&quot;section-stretched&quot;}\">\n\t\t\t\t\t\t<div class=\"elementor-container elementor-column-gap-default\">\n\t\t\t\t\t<div class=\"elementor-column elementor-col-33 elementor-top-column elementor-element elementor-element-a5ccf7b\" data-id=\"a5ccf7b\" data-element_type=\"column\">\n\t\t\t<div class=\"elementor-widget-wrap elementor-element-populated\">\n\t\t\t\t\t\t\t\t<div class=\"elementor-element elementor-element-e6602bc elementor-widget elementor-widget-image\" data-id=\"e6602bc\" data-element_type=\"widget\" data-widget_type=\"image.default\">\n\t\t\t\t<div class=\"elementor-widget-container\">\n\t\t\t\t\t\t\t\t\t\t\t\t<figure class=\"wp-caption\">\n\t\t\t\t\t\t\t\t\t\t<img loading=\"lazy\" decoding=\"async\" width=\"580\" height=\"327\" src=\"https:\/\/www.arwinox.pl\/wp-content\/uploads\/2024\/01\/Stozek-zlacza-pod-skorupe-1024x577.jpg\" class=\"attachment-large size-large wp-image-1496\" alt=\"\" srcset=\"https:\/\/www.arwinox.pl\/wp-content\/uploads\/2024\/01\/Stozek-zlacza-pod-skorupe-1024x577.jpg 1024w, https:\/\/www.arwinox.pl\/wp-content\/uploads\/2024\/01\/Stozek-zlacza-pod-skorupe-300x169.jpg 300w, https:\/\/www.arwinox.pl\/wp-content\/uploads\/2024\/01\/Stozek-zlacza-pod-skorupe-768x432.jpg 768w, https:\/\/www.arwinox.pl\/wp-content\/uploads\/2024\/01\/Stozek-zlacza-pod-skorupe-1536x865.jpg 1536w, https:\/\/www.arwinox.pl\/wp-content\/uploads\/2024\/01\/Stozek-zlacza-pod-skorupe-2048x1153.jpg 2048w, https:\/\/www.arwinox.pl\/wp-content\/uploads\/2024\/01\/Stozek-zlacza-pod-skorupe-1200x676.jpg 1200w, https:\/\/www.arwinox.pl\/wp-content\/uploads\/2024\/01\/Stozek-zlacza-pod-skorupe-1980x1115.jpg 1980w\" sizes=\"(max-width: 580px) 100vw, 580px\" \/>\t\t\t\t\t\t\t\t\t\t\t<figcaption class=\"widget-image-caption wp-caption-text\">Sto\u017cek z\u0142\u0105cza DIN<\/figcaption>\n\t\t\t\t\t\t\t\t\t\t<\/figure>\n\t\t\t\t\t\t\t\t\t<\/div>\n\t\t\t\t<\/div>\n\t\t\t\t\t<\/div>\n\t\t<\/div>\n\t\t\t\t<div class=\"elementor-column elementor-col-33 elementor-top-column elementor-element elementor-element-0b7b895\" data-id=\"0b7b895\" data-element_type=\"column\">\n\t\t\t<div class=\"elementor-widget-wrap elementor-element-populated\">\n\t\t\t\t\t\t\t\t<div class=\"elementor-element elementor-element-faa551f elementor-widget elementor-widget-image\" data-id=\"faa551f\" data-element_type=\"widget\" data-widget_type=\"image.default\">\n\t\t\t\t<div class=\"elementor-widget-container\">\n\t\t\t\t\t\t\t\t\t\t\t\t<figure class=\"wp-caption\">\n\t\t\t\t\t\t\t\t\t\t<img loading=\"lazy\" decoding=\"async\" width=\"580\" height=\"548\" src=\"https:\/\/www.arwinox.pl\/wp-content\/uploads\/2023\/11\/Stoze-DIN-z-koncowka-na-waz-e1732700011227-1024x967.jpg\" class=\"attachment-large size-large wp-image-1328\" alt=\"\" srcset=\"https:\/\/www.arwinox.pl\/wp-content\/uploads\/2023\/11\/Stoze-DIN-z-koncowka-na-waz-e1732700011227-1024x967.jpg 1024w, https:\/\/www.arwinox.pl\/wp-content\/uploads\/2023\/11\/Stoze-DIN-z-koncowka-na-waz-e1732700011227-300x283.jpg 300w, https:\/\/www.arwinox.pl\/wp-content\/uploads\/2023\/11\/Stoze-DIN-z-koncowka-na-waz-e1732700011227-768x725.jpg 768w, https:\/\/www.arwinox.pl\/wp-content\/uploads\/2023\/11\/Stoze-DIN-z-koncowka-na-waz-e1732700011227-1536x1451.jpg 1536w, https:\/\/www.arwinox.pl\/wp-content\/uploads\/2023\/11\/Stoze-DIN-z-koncowka-na-waz-e1732700011227-1200x1133.jpg 1200w, https:\/\/www.arwinox.pl\/wp-content\/uploads\/2023\/11\/Stoze-DIN-z-koncowka-na-waz-e1732700011227.jpg 1547w\" sizes=\"(max-width: 580px) 100vw, 580px\" \/>\t\t\t\t\t\t\t\t\t\t\t<figcaption class=\"widget-image-caption wp-caption-text\">Sto\u017cek z\u0142\u0105cza DIN pod opask\u0119<\/figcaption>\n\t\t\t\t\t\t\t\t\t\t<\/figure>\n\t\t\t\t\t\t\t\t\t<\/div>\n\t\t\t\t<\/div>\n\t\t\t\t\t<\/div>\n\t\t<\/div>\n\t\t\t\t<div class=\"elementor-column elementor-col-33 elementor-top-column elementor-element elementor-element-a256215\" data-id=\"a256215\" data-element_type=\"column\">\n\t\t\t<div class=\"elementor-widget-wrap elementor-element-populated\">\n\t\t\t\t\t\t\t\t<div class=\"elementor-element elementor-element-526488b elementor-widget elementor-widget-image\" data-id=\"526488b\" data-element_type=\"widget\" data-widget_type=\"image.default\">\n\t\t\t\t<div class=\"elementor-widget-container\">\n\t\t\t\t\t\t\t\t\t\t\t\t<figure class=\"wp-caption\">\n\t\t\t\t\t\t\t\t\t\t<img loading=\"lazy\" decoding=\"async\" width=\"282\" height=\"292\" src=\"https:\/\/www.arwinox.pl\/wp-content\/uploads\/2024\/01\/opaska-GBS.jpg\" class=\"attachment-large size-large wp-image-1512\" alt=\"\" \/>\t\t\t\t\t\t\t\t\t\t\t<figcaption class=\"widget-image-caption wp-caption-text\">Opaska GSB na w\u0105\u017c<\/figcaption>\n\t\t\t\t\t\t\t\t\t\t<\/figure>\n\t\t\t\t\t\t\t\t\t<\/div>\n\t\t\t\t<\/div>\n\t\t\t\t\t<\/div>\n\t\t<\/div>\n\t\t\t\t\t\t\t<\/div>\n\t\t<\/section>\n\t\t\t\t\t\t\t<\/div>\n\t\t","protected":false},"excerpt":{"rendered":"<p>W\u0104\u017b SSAWNO &#8211; T\u0141OCZNY Medium: ciecze spo\u017cywcze t\u0142uste jak np. mleko\u015arednica: DN20 &#8211; DN100Ci\u015bnienie robocze: -0,9 bar\/ + 10,0 barTemperatura robocza:\u00a0-40\u00b0C +80\u00b0C sterylizacja do 110\u00b0C max. do 30 minut.Materia\u0142: NBR bia\u0142y bezwonny, bez smaku, przeznaczona do kontaktu z \u017cywno\u015bci\u0105 FDA.Wzmocnienie warstwami syntetycznymi i spiral\u0105 z drutu stalowego.Zakucie: obejma skorupowa nierdzewna, aluminiowa, tuleja nierdzewna.Ko\u0144c\u00f3wka: z\u0142\u0105cza DIN [&hellip;]<\/p>\n","protected":false},"author":1,"featured_media":0,"parent":0,"menu_order":0,"comment_status":"closed","ping_status":"closed","template":"","meta":{"footnotes":""},"yoast_head":"<!-- This site is optimized with the Yoast SEO plugin v21.5 - https:\/\/yoast.com\/wordpress\/plugins\/seo\/ -->\n<title>W\u0118\u017bE SPO\u017bYWCZE - ARWINOX<\/title>\n<meta name=\"description\" content=\"w\u0119\u017ce dla przemys\u0142u spo\u017cywczego, przewody elastyczne, w\u0119\u017ce skr\u0119cane skorupowe, zakucia nierdzewne na w\u0119\u017ce, ko\u0144c\u00f3wki na w\u0105\u017c.\" \/>\n<meta name=\"robots\" content=\"index, follow, max-snippet:-1, max-image-preview:large, max-video-preview:-1\" \/>\n<link rel=\"canonical\" href=\"https:\/\/www.arwinox.pl\/index.php\/weze-spozywcze\/\" \/>\n<meta property=\"og:locale\" content=\"pl_PL\" \/>\n<meta property=\"og:type\" content=\"article\" \/>\n<meta property=\"og:title\" content=\"W\u0118\u017bE SPO\u017bYWCZE - ARWINOX\" \/>\n<meta property=\"og:description\" content=\"w\u0119\u017ce dla przemys\u0142u spo\u017cywczego, przewody elastyczne, w\u0119\u017ce skr\u0119cane skorupowe, zakucia nierdzewne na w\u0119\u017ce, ko\u0144c\u00f3wki na w\u0105\u017c.\" \/>\n<meta property=\"og:url\" content=\"https:\/\/www.arwinox.pl\/index.php\/weze-spozywcze\/\" \/>\n<meta property=\"og:site_name\" content=\"ARWINOX\" \/>\n<meta property=\"article:modified_time\" content=\"2024-01-08T12:52:34+00:00\" \/>\n<meta property=\"og:image\" content=\"https:\/\/www.arwinox.pl\/wp-content\/uploads\/2024\/01\/waz_1-1024x531.jpg\" \/>\n<meta name=\"twitter:card\" content=\"summary_large_image\" \/>\n<meta name=\"twitter:label1\" content=\"Szacowany czas czytania\" \/>\n\t<meta name=\"twitter:data1\" content=\"3 minuty\" \/>\n<script type=\"application\/ld+json\" class=\"yoast-schema-graph\">{\"@context\":\"https:\/\/schema.org\",\"@graph\":[{\"@type\":\"WebPage\",\"@id\":\"https:\/\/www.arwinox.pl\/index.php\/weze-spozywcze\/\",\"url\":\"https:\/\/www.arwinox.pl\/index.php\/weze-spozywcze\/\",\"name\":\"W\u0118\u017bE SPO\u017bYWCZE - ARWINOX\",\"isPartOf\":{\"@id\":\"https:\/\/www.arwinox.pl\/#website\"},\"datePublished\":\"2023-04-05T18:49:14+00:00\",\"dateModified\":\"2024-01-08T12:52:34+00:00\",\"description\":\"w\u0119\u017ce dla przemys\u0142u spo\u017cywczego, przewody elastyczne, w\u0119\u017ce skr\u0119cane skorupowe, zakucia nierdzewne na w\u0119\u017ce, ko\u0144c\u00f3wki na w\u0105\u017c.\",\"breadcrumb\":{\"@id\":\"https:\/\/www.arwinox.pl\/index.php\/weze-spozywcze\/#breadcrumb\"},\"inLanguage\":\"pl-PL\",\"potentialAction\":[{\"@type\":\"ReadAction\",\"target\":[\"https:\/\/www.arwinox.pl\/index.php\/weze-spozywcze\/\"]}]},{\"@type\":\"BreadcrumbList\",\"@id\":\"https:\/\/www.arwinox.pl\/index.php\/weze-spozywcze\/#breadcrumb\",\"itemListElement\":[{\"@type\":\"ListItem\",\"position\":1,\"name\":\"Strona g\u0142\u00f3wna\",\"item\":\"https:\/\/www.arwinox.pl\/\"},{\"@type\":\"ListItem\",\"position\":2,\"name\":\"W\u0118\u017bE SPO\u017bYWCZE\"}]},{\"@type\":\"WebSite\",\"@id\":\"https:\/\/www.arwinox.pl\/#website\",\"url\":\"https:\/\/www.arwinox.pl\/\",\"name\":\"ARWINOX\",\"description\":\"     biuro@arwinox.pl,    tel. +48 609767607\",\"publisher\":{\"@id\":\"https:\/\/www.arwinox.pl\/#organization\"},\"potentialAction\":[{\"@type\":\"SearchAction\",\"target\":{\"@type\":\"EntryPoint\",\"urlTemplate\":\"https:\/\/www.arwinox.pl\/?s={search_term_string}\"},\"query-input\":\"required name=search_term_string\"}],\"inLanguage\":\"pl-PL\"},{\"@type\":\"Organization\",\"@id\":\"https:\/\/www.arwinox.pl\/#organization\",\"name\":\"ARWINOX\",\"url\":\"https:\/\/www.arwinox.pl\/\",\"logo\":{\"@type\":\"ImageObject\",\"inLanguage\":\"pl-PL\",\"@id\":\"https:\/\/www.arwinox.pl\/#\/schema\/logo\/image\/\",\"url\":\"https:\/\/www.arwinox.pl\/wp-content\/uploads\/2023\/01\/Logo-arwinox3.png\",\"contentUrl\":\"https:\/\/www.arwinox.pl\/wp-content\/uploads\/2023\/01\/Logo-arwinox3.png\",\"width\":6900,\"height\":1980,\"caption\":\"ARWINOX \"},\"image\":{\"@id\":\"https:\/\/www.arwinox.pl\/#\/schema\/logo\/image\/\"}}]}<\/script>\n<!-- \/ Yoast SEO plugin. -->","yoast_head_json":{"title":"W\u0118\u017bE SPO\u017bYWCZE - ARWINOX","description":"w\u0119\u017ce dla przemys\u0142u spo\u017cywczego, przewody elastyczne, w\u0119\u017ce skr\u0119cane skorupowe, zakucia nierdzewne na w\u0119\u017ce, ko\u0144c\u00f3wki na w\u0105\u017c.","robots":{"index":"index","follow":"follow","max-snippet":"max-snippet:-1","max-image-preview":"max-image-preview:large","max-video-preview":"max-video-preview:-1"},"canonical":"https:\/\/www.arwinox.pl\/index.php\/weze-spozywcze\/","og_locale":"pl_PL","og_type":"article","og_title":"W\u0118\u017bE SPO\u017bYWCZE - ARWINOX","og_description":"w\u0119\u017ce dla przemys\u0142u spo\u017cywczego, przewody elastyczne, w\u0119\u017ce skr\u0119cane skorupowe, zakucia nierdzewne na w\u0119\u017ce, ko\u0144c\u00f3wki na w\u0105\u017c.","og_url":"https:\/\/www.arwinox.pl\/index.php\/weze-spozywcze\/","og_site_name":"ARWINOX","article_modified_time":"2024-01-08T12:52:34+00:00","og_image":[{"url":"https:\/\/www.arwinox.pl\/wp-content\/uploads\/2024\/01\/waz_1-1024x531.jpg"}],"twitter_card":"summary_large_image","twitter_misc":{"Szacowany czas czytania":"3 minuty"},"schema":{"@context":"https:\/\/schema.org","@graph":[{"@type":"WebPage","@id":"https:\/\/www.arwinox.pl\/index.php\/weze-spozywcze\/","url":"https:\/\/www.arwinox.pl\/index.php\/weze-spozywcze\/","name":"W\u0118\u017bE SPO\u017bYWCZE - ARWINOX","isPartOf":{"@id":"https:\/\/www.arwinox.pl\/#website"},"datePublished":"2023-04-05T18:49:14+00:00","dateModified":"2024-01-08T12:52:34+00:00","description":"w\u0119\u017ce dla przemys\u0142u spo\u017cywczego, przewody elastyczne, w\u0119\u017ce skr\u0119cane skorupowe, zakucia nierdzewne na w\u0119\u017ce, ko\u0144c\u00f3wki na w\u0105\u017c.","breadcrumb":{"@id":"https:\/\/www.arwinox.pl\/index.php\/weze-spozywcze\/#breadcrumb"},"inLanguage":"pl-PL","potentialAction":[{"@type":"ReadAction","target":["https:\/\/www.arwinox.pl\/index.php\/weze-spozywcze\/"]}]},{"@type":"BreadcrumbList","@id":"https:\/\/www.arwinox.pl\/index.php\/weze-spozywcze\/#breadcrumb","itemListElement":[{"@type":"ListItem","position":1,"name":"Strona g\u0142\u00f3wna","item":"https:\/\/www.arwinox.pl\/"},{"@type":"ListItem","position":2,"name":"W\u0118\u017bE SPO\u017bYWCZE"}]},{"@type":"WebSite","@id":"https:\/\/www.arwinox.pl\/#website","url":"https:\/\/www.arwinox.pl\/","name":"ARWINOX","description":"     biuro@arwinox.pl,    tel. +48 609767607","publisher":{"@id":"https:\/\/www.arwinox.pl\/#organization"},"potentialAction":[{"@type":"SearchAction","target":{"@type":"EntryPoint","urlTemplate":"https:\/\/www.arwinox.pl\/?s={search_term_string}"},"query-input":"required name=search_term_string"}],"inLanguage":"pl-PL"},{"@type":"Organization","@id":"https:\/\/www.arwinox.pl\/#organization","name":"ARWINOX","url":"https:\/\/www.arwinox.pl\/","logo":{"@type":"ImageObject","inLanguage":"pl-PL","@id":"https:\/\/www.arwinox.pl\/#\/schema\/logo\/image\/","url":"https:\/\/www.arwinox.pl\/wp-content\/uploads\/2023\/01\/Logo-arwinox3.png","contentUrl":"https:\/\/www.arwinox.pl\/wp-content\/uploads\/2023\/01\/Logo-arwinox3.png","width":6900,"height":1980,"caption":"ARWINOX "},"image":{"@id":"https:\/\/www.arwinox.pl\/#\/schema\/logo\/image\/"}}]}},"_links":{"self":[{"href":"https:\/\/www.arwinox.pl\/index.php\/wp-json\/wp\/v2\/pages\/1236"}],"collection":[{"href":"https:\/\/www.arwinox.pl\/index.php\/wp-json\/wp\/v2\/pages"}],"about":[{"href":"https:\/\/www.arwinox.pl\/index.php\/wp-json\/wp\/v2\/types\/page"}],"author":[{"embeddable":true,"href":"https:\/\/www.arwinox.pl\/index.php\/wp-json\/wp\/v2\/users\/1"}],"replies":[{"embeddable":true,"href":"https:\/\/www.arwinox.pl\/index.php\/wp-json\/wp\/v2\/comments?post=1236"}],"version-history":[{"count":13,"href":"https:\/\/www.arwinox.pl\/index.php\/wp-json\/wp\/v2\/pages\/1236\/revisions"}],"predecessor-version":[{"id":1515,"href":"https:\/\/www.arwinox.pl\/index.php\/wp-json\/wp\/v2\/pages\/1236\/revisions\/1515"}],"wp:attachment":[{"href":"https:\/\/www.arwinox.pl\/index.php\/wp-json\/wp\/v2\/media?parent=1236"}],"curies":[{"name":"wp","href":"https:\/\/api.w.org\/{rel}","templated":true}]}}