{"id":548,"date":"2023-01-13T17:28:45","date_gmt":"2023-01-13T17:28:45","guid":{"rendered":"https:\/\/www.arwinox.pl\/?page_id=548"},"modified":"2023-03-02T19:05:38","modified_gmt":"2023-03-02T19:05:38","slug":"kompensatory","status":"publish","type":"page","link":"https:\/\/www.arwinox.pl\/index.php\/kompensatory\/","title":{"rendered":"KOMPENSATORY"},"content":{"rendered":"\t\t<div data-elementor-type=\"wp-page\" data-elementor-id=\"548\" class=\"elementor elementor-548\">\n\t\t\t\t\t\t\t\t\t<section class=\"elementor-section elementor-top-section elementor-element elementor-element-2dd608f elementor-section-stretched elementor-section-boxed elementor-section-height-default elementor-section-height-default\" data-id=\"2dd608f\" data-element_type=\"section\" data-settings=\"{&quot;stretch_section&quot;:&quot;section-stretched&quot;}\">\n\t\t\t\t\t\t<div class=\"elementor-container elementor-column-gap-default\">\n\t\t\t\t\t<div class=\"elementor-column elementor-col-100 elementor-top-column elementor-element elementor-element-90fddcd\" data-id=\"90fddcd\" data-element_type=\"column\">\n\t\t\t<div class=\"elementor-widget-wrap elementor-element-populated\">\n\t\t\t\t\t\t\t\t<div class=\"elementor-element elementor-element-596fc75 elementor-widget elementor-widget-text-editor\" data-id=\"596fc75\" data-element_type=\"widget\" data-widget_type=\"text-editor.default\">\n\t\t\t\t<div class=\"elementor-widget-container\">\n\t\t\t<style>\/*! elementor - v3.17.0 - 08-11-2023 *\/\n.elementor-widget-text-editor.elementor-drop-cap-view-stacked .elementor-drop-cap{background-color:#69727d;color:#fff}.elementor-widget-text-editor.elementor-drop-cap-view-framed .elementor-drop-cap{color:#69727d;border:3px solid;background-color:transparent}.elementor-widget-text-editor:not(.elementor-drop-cap-view-default) .elementor-drop-cap{margin-top:8px}.elementor-widget-text-editor:not(.elementor-drop-cap-view-default) .elementor-drop-cap-letter{width:1em;height:1em}.elementor-widget-text-editor .elementor-drop-cap{float:left;text-align:center;line-height:1;font-size:50px}.elementor-widget-text-editor .elementor-drop-cap-letter{display:inline-block}<\/style>\t\t\t\t<h3 style=\"padding-left: 120px;\"><strong><span style=\"color: #000000;\">\u0141\u0104CZNIKI AMORTYZACYJNE \u2013 KOMPENSATORY<\/span><\/strong><\/h3>\t\t\t\t\t\t<\/div>\n\t\t\t\t<\/div>\n\t\t\t\t\t<\/div>\n\t\t<\/div>\n\t\t\t\t\t\t\t<\/div>\n\t\t<\/section>\n\t\t\t\t<section class=\"elementor-section elementor-top-section elementor-element elementor-element-14e9881c elementor-section-stretched elementor-section-height-min-height elementor-section-boxed elementor-section-height-default elementor-section-items-middle\" data-id=\"14e9881c\" data-element_type=\"section\" data-settings=\"{&quot;stretch_section&quot;:&quot;section-stretched&quot;}\">\n\t\t\t\t\t\t<div class=\"elementor-container elementor-column-gap-default\">\n\t\t\t\t\t<div class=\"elementor-column elementor-col-50 elementor-top-column elementor-element elementor-element-182780fe\" data-id=\"182780fe\" data-element_type=\"column\">\n\t\t\t<div class=\"elementor-widget-wrap elementor-element-populated\">\n\t\t\t\t\t\t\t\t<div class=\"elementor-element elementor-element-6b63254a elementor-widget elementor-widget-text-editor\" data-id=\"6b63254a\" data-element_type=\"widget\" data-widget_type=\"text-editor.default\">\n\t\t\t\t<div class=\"elementor-widget-container\">\n\t\t\t\t\t\t\t<p><span style=\"color: #000000;\"><strong>KOMPENSATORY GUMOWE<\/strong><\/span><\/p><p><span style=\"color: #000000;\">Zastosowanie w ruroci\u0105gach przemys\u0142owych oraz budynkach mieszkalnych.<\/span><br \/><span style=\"color: #000000;\">\u2013 Kompensuj\u0105 wyd\u0142u\u017cenia cieplne, przesuni\u0119cia osiowe oraz napr\u0119\u017cenia<\/span><br \/><span style=\"color: #000000;\">\u2013 Precyzyjnie ukszta\u0142towany mieszek z gumy syntetycznej ze<\/span><br \/><span style=\"color: #000000;\">wzmocnieniem nylonowym<\/span><br \/><span style=\"color: #000000;\">\u2013 R\u00f3\u017cne rodzaje gumy<\/span><br \/><span style=\"color: #000000;\">\u2013 Doskona\u0142e w\u0142asno\u015bci t\u0142umienia wibracji, ha\u0142asu i drga\u0144 od pomp,<\/span><br \/><span style=\"color: #000000;\">spr\u0119\u017carek, silnik\u00f3w, turbin itp.<\/span><br \/><span style=\"color: #000000;\">\u2013 Wytrzymuj\u0105 wysokie ci\u015bnienie<\/span><br \/><span style=\"color: #000000;\">\u2013 Odporne na korozj\u0119<\/span><br \/><span style=\"color: #000000;\">\u2013 \u0141atwa instalacja- obrotowe ko\u0142nierze<\/span><br \/><span style=\"color: #000000;\">\u2013 Wysoka jako\u015b\u0107 i d\u0142ugi czas u\u017cytkowania<\/span><\/p>\t\t\t\t\t\t<\/div>\n\t\t\t\t<\/div>\n\t\t\t\t\t<\/div>\n\t\t<\/div>\n\t\t\t\t<div class=\"elementor-column elementor-col-50 elementor-top-column elementor-element elementor-element-43326be1\" data-id=\"43326be1\" data-element_type=\"column\">\n\t\t\t<div class=\"elementor-widget-wrap elementor-element-populated\">\n\t\t\t\t\t\t\t\t<div class=\"elementor-element elementor-element-5e098f74 elementor-widget elementor-widget-image\" data-id=\"5e098f74\" data-element_type=\"widget\" data-widget_type=\"image.default\">\n\t\t\t\t<div class=\"elementor-widget-container\">\n\t\t\t<style>\/*! elementor - v3.17.0 - 08-11-2023 *\/\n.elementor-widget-image{text-align:center}.elementor-widget-image a{display:inline-block}.elementor-widget-image a img[src$=\".svg\"]{width:48px}.elementor-widget-image img{vertical-align:middle;display:inline-block}<\/style>\t\t\t\t\t\t\t\t\t\t\t\t<img loading=\"lazy\" decoding=\"async\" width=\"198\" height=\"204\" src=\"https:\/\/www.arwinox.pl\/wp-content\/uploads\/2023\/01\/KOMPENSATOR.png\" class=\"attachment-large size-large wp-image-551\" alt=\"\" \/>\t\t\t\t\t\t\t\t\t\t\t\t\t\t\t<\/div>\n\t\t\t\t<\/div>\n\t\t\t\t\t<\/div>\n\t\t<\/div>\n\t\t\t\t\t\t\t<\/div>\n\t\t<\/section>\n\t\t\t\t<section class=\"elementor-section elementor-top-section elementor-element elementor-element-2c361ec1 elementor-section-stretched elementor-section-boxed elementor-section-height-default elementor-section-height-default\" data-id=\"2c361ec1\" data-element_type=\"section\" data-settings=\"{&quot;stretch_section&quot;:&quot;section-stretched&quot;}\">\n\t\t\t\t\t\t<div class=\"elementor-container elementor-column-gap-default\">\n\t\t\t\t\t<div class=\"elementor-column elementor-col-50 elementor-top-column elementor-element elementor-element-5bb6852f\" data-id=\"5bb6852f\" data-element_type=\"column\">\n\t\t\t<div class=\"elementor-widget-wrap elementor-element-populated\">\n\t\t\t\t\t\t\t\t<div class=\"elementor-element elementor-element-6e50031b elementor-widget elementor-widget-text-editor\" data-id=\"6e50031b\" data-element_type=\"widget\" data-widget_type=\"text-editor.default\">\n\t\t\t\t<div class=\"elementor-widget-container\">\n\t\t\t\t\t\t\t<p>Materia\u0142:<br \/>\u2013 EPDM max. 90\u00b0C \u2013 zimna i gor\u0105ca woda, woda ch\u0142odz\u0105ca z<br \/>dodatkiem \u015brodk\u00f3w do uzdatniania wody, woda przemys\u0142owa,<br \/>roztwory chloru, mleko wapienne, estry i ketony, woda morska,<br \/>\u2013 NBR max. 90\u00b0C\u2013 oleje mineralne, t\u0142uszcze ro\u015blinne i zwierz\u0119ce, oleje<br \/>w aerozolu, propan, butan, woda z dodatkiem substancji antykorozyjnych.<br \/><br \/>\u2013 Rozmiary: DN32-DN600 PN10\/16<br \/>\u2013 Ko\u0142nierze: stal w\u0119glowa, ocynkowana, stal nierdzewna AISI 304<\/p>\t\t\t\t\t\t<\/div>\n\t\t\t\t<\/div>\n\t\t\t\t\t<\/div>\n\t\t<\/div>\n\t\t\t\t<div class=\"elementor-column elementor-col-50 elementor-top-column elementor-element elementor-element-5f1f2854\" data-id=\"5f1f2854\" data-element_type=\"column\">\n\t\t\t<div class=\"elementor-widget-wrap elementor-element-populated\">\n\t\t\t\t\t\t\t\t<div class=\"elementor-element elementor-element-8afd29e elementor-widget elementor-widget-image\" data-id=\"8afd29e\" data-element_type=\"widget\" data-widget_type=\"image.default\">\n\t\t\t\t<div class=\"elementor-widget-container\">\n\t\t\t\t\t\t\t\t\t\t\t\t\t\t\t<img loading=\"lazy\" decoding=\"async\" width=\"528\" height=\"340\" src=\"https:\/\/www.arwinox.pl\/wp-content\/uploads\/2023\/01\/kompens-z-lacznikiem.png\" class=\"attachment-large size-large wp-image-552\" alt=\"\" srcset=\"https:\/\/www.arwinox.pl\/wp-content\/uploads\/2023\/01\/kompens-z-lacznikiem.png 528w, https:\/\/www.arwinox.pl\/wp-content\/uploads\/2023\/01\/kompens-z-lacznikiem-300x193.png 300w\" sizes=\"(max-width: 528px) 100vw, 528px\" \/>\t\t\t\t\t\t\t\t\t\t\t\t\t\t\t<\/div>\n\t\t\t\t<\/div>\n\t\t\t\t\t<\/div>\n\t\t<\/div>\n\t\t\t\t\t\t\t<\/div>\n\t\t<\/section>\n\t\t\t\t<section class=\"elementor-section elementor-top-section elementor-element elementor-element-2771f36 elementor-section-stretched elementor-section-boxed elementor-section-height-default elementor-section-height-default\" data-id=\"2771f36\" data-element_type=\"section\" data-settings=\"{&quot;stretch_section&quot;:&quot;section-stretched&quot;}\">\n\t\t\t\t\t\t<div class=\"elementor-container elementor-column-gap-default\">\n\t\t\t\t\t<div class=\"elementor-column elementor-col-50 elementor-top-column elementor-element elementor-element-1a3673b\" data-id=\"1a3673b\" data-element_type=\"column\">\n\t\t\t<div class=\"elementor-widget-wrap elementor-element-populated\">\n\t\t\t\t\t\t\t\t<div class=\"elementor-element elementor-element-68c0ca65 elementor-widget elementor-widget-text-editor\" data-id=\"68c0ca65\" data-element_type=\"widget\" data-widget_type=\"text-editor.default\">\n\t\t\t\t<div class=\"elementor-widget-container\">\n\t\t\t\t\t\t\t<p><span style=\"color: #000000;\"><strong>\u0141\u0104CZNIK AMORTYZACYJNY GUMOWY Z \u015aRUBUNKAMI<\/strong><\/span><\/p><p><span style=\"color: #000000;\">\u0141\u0105czniki amortyzacyjne ze \u015brubunkami montuje si\u0119 w ruroci\u0105gach w celu:<\/span><br \/><span style=\"color: #000000;\">\u2013 kompensacji wyd\u0142u\u017ce\u0144 b\u0105d\u017a skr\u00f3ce\u0144 instalacji,<\/span><br \/><span style=\"color: #000000;\">\u2013 kompensacji oscylacji i wibracji,<\/span><br \/><span style=\"color: #000000;\">\u2013 redukcji ha\u0142asu,<\/span><br \/><span style=\"color: #000000;\">\u2013 zabezpieczenia instalacji przed przewodzeniem<\/span><br \/><span style=\"color: #000000;\">pr\u0105du elektrycznego<\/span><br \/><span style=\"color: #000000;\">\u2013 Rozmiary: DN20 \u2013 3\/4\u2033 do DN80 \u2013 3\u2033<\/span><br \/><span style=\"color: #000000;\">\u2013 Mieszek wykonany z EPDM lub NBR (Nitryl)<\/span><br \/><span style=\"color: #000000;\">\u2013 Medium: ciecze i gazy,<\/span><br \/><span style=\"color: #000000;\">\u2013 Przy\u0142\u0105cza \u2013 p\u00f3\u0142\u015brubunki \u2013 wykonane ze stali<\/span><br \/><span style=\"color: #000000;\">galwanizowanej<\/span><br \/><span style=\"color: #000000;\">\u2013 Przy\u0142\u0105cza mosi\u0119\u017cne dost\u0119pne jako opcja<\/span><\/p>\t\t\t\t\t\t<\/div>\n\t\t\t\t<\/div>\n\t\t\t\t\t<\/div>\n\t\t<\/div>\n\t\t\t\t<div class=\"elementor-column elementor-col-50 elementor-top-column elementor-element elementor-element-5de785b1\" data-id=\"5de785b1\" data-element_type=\"column\">\n\t\t\t<div class=\"elementor-widget-wrap elementor-element-populated\">\n\t\t\t\t\t\t\t\t<div class=\"elementor-element elementor-element-aa24d83 elementor-widget elementor-widget-image\" data-id=\"aa24d83\" data-element_type=\"widget\" data-widget_type=\"image.default\">\n\t\t\t\t<div class=\"elementor-widget-container\">\n\t\t\t\t\t\t\t\t\t\t\t\t\t\t\t<img loading=\"lazy\" decoding=\"async\" width=\"194\" height=\"188\" src=\"https:\/\/www.arwinox.pl\/wp-content\/uploads\/2023\/01\/kompen-z-gwintem.png\" class=\"attachment-large size-large wp-image-556\" alt=\"\" \/>\t\t\t\t\t\t\t\t\t\t\t\t\t\t\t<\/div>\n\t\t\t\t<\/div>\n\t\t\t\t\t<\/div>\n\t\t<\/div>\n\t\t\t\t\t\t\t<\/div>\n\t\t<\/section>\n\t\t\t\t<section class=\"elementor-section elementor-top-section elementor-element elementor-element-662afdc3 elementor-section-stretched elementor-section-boxed elementor-section-height-default elementor-section-height-default\" data-id=\"662afdc3\" data-element_type=\"section\" data-settings=\"{&quot;stretch_section&quot;:&quot;section-stretched&quot;}\">\n\t\t\t\t\t\t<div class=\"elementor-container elementor-column-gap-default\">\n\t\t\t\t\t<div class=\"elementor-column elementor-col-50 elementor-top-column elementor-element elementor-element-6579ad3c\" data-id=\"6579ad3c\" data-element_type=\"column\">\n\t\t\t<div class=\"elementor-widget-wrap elementor-element-populated\">\n\t\t\t\t\t\t\t\t<div class=\"elementor-element elementor-element-4031d0b8 elementor-widget elementor-widget-text-editor\" data-id=\"4031d0b8\" data-element_type=\"widget\" data-widget_type=\"text-editor.default\">\n\t\t\t\t<div class=\"elementor-widget-container\">\n\t\t\t\t\t\t\t<p><span style=\"color: #000000;\"><strong>KOMPENSATORY MIESZKOWE<\/strong><\/span><\/p><p><span style=\"color: #000000;\">Rozmiary kompensator\u00f3w: DN 15 \u2013 DN 400<\/span><br \/><span style=\"color: #000000;\">Ci\u015bnienie: 0,1 MPa \u2013 4,0 MPa,<\/span><br \/><span style=\"color: #000000;\">Temperatura: -20\u00ba \/ +900\u00baC,<\/span><br \/><span style=\"color: #000000;\">Materia\u0142 wykonania: 1.4301 \u2013 AISI 304, 1.4404 \u2013 AISI 316<\/span><br \/><span style=\"color: #000000;\">Rodzaj przy\u0142\u0105czy: do spawania, ko\u0142nierzowe.<\/span><\/p>\t\t\t\t\t\t<\/div>\n\t\t\t\t<\/div>\n\t\t\t\t\t<\/div>\n\t\t<\/div>\n\t\t\t\t<div class=\"elementor-column elementor-col-50 elementor-top-column elementor-element elementor-element-54c45ecc\" data-id=\"54c45ecc\" data-element_type=\"column\">\n\t\t\t<div class=\"elementor-widget-wrap elementor-element-populated\">\n\t\t\t\t\t\t\t\t<div class=\"elementor-element elementor-element-f38a2fe elementor-widget elementor-widget-image\" data-id=\"f38a2fe\" data-element_type=\"widget\" data-widget_type=\"image.default\">\n\t\t\t\t<div class=\"elementor-widget-container\">\n\t\t\t\t\t\t\t\t\t\t\t\t\t\t\t<img loading=\"lazy\" decoding=\"async\" width=\"157\" height=\"116\" src=\"https:\/\/www.arwinox.pl\/wp-content\/uploads\/2023\/01\/kompensator-mieszkowy.png\" class=\"attachment-large size-large wp-image-557\" alt=\"\" \/>\t\t\t\t\t\t\t\t\t\t\t\t\t\t\t<\/div>\n\t\t\t\t<\/div>\n\t\t\t\t\t<\/div>\n\t\t<\/div>\n\t\t\t\t\t\t\t<\/div>\n\t\t<\/section>\n\t\t\t\t\t\t\t<\/div>\n\t\t","protected":false},"excerpt":{"rendered":"<p>\u0141\u0104CZNIKI AMORTYZACYJNE \u2013 KOMPENSATORY KOMPENSATORY GUMOWE Zastosowanie w ruroci\u0105gach przemys\u0142owych oraz budynkach mieszkalnych. \u2013 Kompensuj\u0105 wyd\u0142u\u017cenia cieplne, przesuni\u0119cia osiowe oraz napr\u0119\u017cenia \u2013 Precyzyjnie ukszta\u0142towany mieszek z gumy syntetycznej ze wzmocnieniem nylonowym \u2013 R\u00f3\u017cne rodzaje gumy \u2013 Doskona\u0142e w\u0142asno\u015bci t\u0142umienia wibracji, ha\u0142asu i drga\u0144 od pomp, spr\u0119\u017carek, silnik\u00f3w, turbin itp. \u2013 Wytrzymuj\u0105 wysokie ci\u015bnienie \u2013 Odporne [&hellip;]<\/p>\n","protected":false},"author":1,"featured_media":0,"parent":0,"menu_order":0,"comment_status":"closed","ping_status":"closed","template":"","meta":{"footnotes":""},"yoast_head":"<!-- This site is optimized with the Yoast SEO plugin v21.5 - https:\/\/yoast.com\/wordpress\/plugins\/seo\/ -->\n<title>KOMPENSATORY - ARWINOX<\/title>\n<meta name=\"description\" content=\"kompensator gumowy NBR, ko\u0142nierze ze stali nierdzewnej, kompensator mieszkowy, \u0142\u0105czniki amortyzacyjne, kompensacja osiowa i promieniowa\" \/>\n<meta name=\"robots\" content=\"index, follow, max-snippet:-1, max-image-preview:large, max-video-preview:-1\" \/>\n<link rel=\"canonical\" href=\"https:\/\/www.arwinox.pl\/index.php\/kompensatory\/\" \/>\n<meta property=\"og:locale\" content=\"pl_PL\" \/>\n<meta property=\"og:type\" content=\"article\" \/>\n<meta property=\"og:title\" content=\"KOMPENSATORY - ARWINOX\" \/>\n<meta property=\"og:description\" content=\"kompensator gumowy NBR, ko\u0142nierze ze stali nierdzewnej, kompensator mieszkowy, \u0142\u0105czniki amortyzacyjne, kompensacja osiowa i promieniowa\" \/>\n<meta property=\"og:url\" content=\"https:\/\/www.arwinox.pl\/index.php\/kompensatory\/\" \/>\n<meta property=\"og:site_name\" content=\"ARWINOX\" \/>\n<meta property=\"article:modified_time\" content=\"2023-03-02T19:05:38+00:00\" \/>\n<meta property=\"og:image\" content=\"https:\/\/www.arwinox.pl\/wp-content\/uploads\/2023\/01\/KOMPENSATOR.png\" \/>\n<meta name=\"twitter:card\" content=\"summary_large_image\" \/>\n<meta name=\"twitter:label1\" content=\"Szacowany czas czytania\" \/>\n\t<meta name=\"twitter:data1\" content=\"3 minuty\" \/>\n<script type=\"application\/ld+json\" class=\"yoast-schema-graph\">{\"@context\":\"https:\/\/schema.org\",\"@graph\":[{\"@type\":\"WebPage\",\"@id\":\"https:\/\/www.arwinox.pl\/index.php\/kompensatory\/\",\"url\":\"https:\/\/www.arwinox.pl\/index.php\/kompensatory\/\",\"name\":\"KOMPENSATORY - ARWINOX\",\"isPartOf\":{\"@id\":\"https:\/\/www.arwinox.pl\/#website\"},\"datePublished\":\"2023-01-13T17:28:45+00:00\",\"dateModified\":\"2023-03-02T19:05:38+00:00\",\"description\":\"kompensator gumowy NBR, ko\u0142nierze ze stali nierdzewnej, kompensator mieszkowy, \u0142\u0105czniki amortyzacyjne, kompensacja osiowa i promieniowa\",\"breadcrumb\":{\"@id\":\"https:\/\/www.arwinox.pl\/index.php\/kompensatory\/#breadcrumb\"},\"inLanguage\":\"pl-PL\",\"potentialAction\":[{\"@type\":\"ReadAction\",\"target\":[\"https:\/\/www.arwinox.pl\/index.php\/kompensatory\/\"]}]},{\"@type\":\"BreadcrumbList\",\"@id\":\"https:\/\/www.arwinox.pl\/index.php\/kompensatory\/#breadcrumb\",\"itemListElement\":[{\"@type\":\"ListItem\",\"position\":1,\"name\":\"Strona g\u0142\u00f3wna\",\"item\":\"https:\/\/www.arwinox.pl\/\"},{\"@type\":\"ListItem\",\"position\":2,\"name\":\"KOMPENSATORY\"}]},{\"@type\":\"WebSite\",\"@id\":\"https:\/\/www.arwinox.pl\/#website\",\"url\":\"https:\/\/www.arwinox.pl\/\",\"name\":\"ARWINOX\",\"description\":\"     biuro@arwinox.pl,    tel. +48 609767607\",\"publisher\":{\"@id\":\"https:\/\/www.arwinox.pl\/#organization\"},\"potentialAction\":[{\"@type\":\"SearchAction\",\"target\":{\"@type\":\"EntryPoint\",\"urlTemplate\":\"https:\/\/www.arwinox.pl\/?s={search_term_string}\"},\"query-input\":\"required name=search_term_string\"}],\"inLanguage\":\"pl-PL\"},{\"@type\":\"Organization\",\"@id\":\"https:\/\/www.arwinox.pl\/#organization\",\"name\":\"ARWINOX\",\"url\":\"https:\/\/www.arwinox.pl\/\",\"logo\":{\"@type\":\"ImageObject\",\"inLanguage\":\"pl-PL\",\"@id\":\"https:\/\/www.arwinox.pl\/#\/schema\/logo\/image\/\",\"url\":\"https:\/\/www.arwinox.pl\/wp-content\/uploads\/2023\/01\/Logo-arwinox3.png\",\"contentUrl\":\"https:\/\/www.arwinox.pl\/wp-content\/uploads\/2023\/01\/Logo-arwinox3.png\",\"width\":6900,\"height\":1980,\"caption\":\"ARWINOX \"},\"image\":{\"@id\":\"https:\/\/www.arwinox.pl\/#\/schema\/logo\/image\/\"}}]}<\/script>\n<!-- \/ Yoast SEO plugin. -->","yoast_head_json":{"title":"KOMPENSATORY - ARWINOX","description":"kompensator gumowy NBR, ko\u0142nierze ze stali nierdzewnej, kompensator mieszkowy, \u0142\u0105czniki amortyzacyjne, kompensacja osiowa i promieniowa","robots":{"index":"index","follow":"follow","max-snippet":"max-snippet:-1","max-image-preview":"max-image-preview:large","max-video-preview":"max-video-preview:-1"},"canonical":"https:\/\/www.arwinox.pl\/index.php\/kompensatory\/","og_locale":"pl_PL","og_type":"article","og_title":"KOMPENSATORY - ARWINOX","og_description":"kompensator gumowy NBR, ko\u0142nierze ze stali nierdzewnej, kompensator mieszkowy, \u0142\u0105czniki amortyzacyjne, kompensacja osiowa i promieniowa","og_url":"https:\/\/www.arwinox.pl\/index.php\/kompensatory\/","og_site_name":"ARWINOX","article_modified_time":"2023-03-02T19:05:38+00:00","og_image":[{"url":"https:\/\/www.arwinox.pl\/wp-content\/uploads\/2023\/01\/KOMPENSATOR.png"}],"twitter_card":"summary_large_image","twitter_misc":{"Szacowany czas czytania":"3 minuty"},"schema":{"@context":"https:\/\/schema.org","@graph":[{"@type":"WebPage","@id":"https:\/\/www.arwinox.pl\/index.php\/kompensatory\/","url":"https:\/\/www.arwinox.pl\/index.php\/kompensatory\/","name":"KOMPENSATORY - ARWINOX","isPartOf":{"@id":"https:\/\/www.arwinox.pl\/#website"},"datePublished":"2023-01-13T17:28:45+00:00","dateModified":"2023-03-02T19:05:38+00:00","description":"kompensator gumowy NBR, ko\u0142nierze ze stali nierdzewnej, kompensator mieszkowy, \u0142\u0105czniki amortyzacyjne, kompensacja osiowa i promieniowa","breadcrumb":{"@id":"https:\/\/www.arwinox.pl\/index.php\/kompensatory\/#breadcrumb"},"inLanguage":"pl-PL","potentialAction":[{"@type":"ReadAction","target":["https:\/\/www.arwinox.pl\/index.php\/kompensatory\/"]}]},{"@type":"BreadcrumbList","@id":"https:\/\/www.arwinox.pl\/index.php\/kompensatory\/#breadcrumb","itemListElement":[{"@type":"ListItem","position":1,"name":"Strona g\u0142\u00f3wna","item":"https:\/\/www.arwinox.pl\/"},{"@type":"ListItem","position":2,"name":"KOMPENSATORY"}]},{"@type":"WebSite","@id":"https:\/\/www.arwinox.pl\/#website","url":"https:\/\/www.arwinox.pl\/","name":"ARWINOX","description":"     biuro@arwinox.pl,    tel. +48 609767607","publisher":{"@id":"https:\/\/www.arwinox.pl\/#organization"},"potentialAction":[{"@type":"SearchAction","target":{"@type":"EntryPoint","urlTemplate":"https:\/\/www.arwinox.pl\/?s={search_term_string}"},"query-input":"required name=search_term_string"}],"inLanguage":"pl-PL"},{"@type":"Organization","@id":"https:\/\/www.arwinox.pl\/#organization","name":"ARWINOX","url":"https:\/\/www.arwinox.pl\/","logo":{"@type":"ImageObject","inLanguage":"pl-PL","@id":"https:\/\/www.arwinox.pl\/#\/schema\/logo\/image\/","url":"https:\/\/www.arwinox.pl\/wp-content\/uploads\/2023\/01\/Logo-arwinox3.png","contentUrl":"https:\/\/www.arwinox.pl\/wp-content\/uploads\/2023\/01\/Logo-arwinox3.png","width":6900,"height":1980,"caption":"ARWINOX "},"image":{"@id":"https:\/\/www.arwinox.pl\/#\/schema\/logo\/image\/"}}]}},"_links":{"self":[{"href":"https:\/\/www.arwinox.pl\/index.php\/wp-json\/wp\/v2\/pages\/548"}],"collection":[{"href":"https:\/\/www.arwinox.pl\/index.php\/wp-json\/wp\/v2\/pages"}],"about":[{"href":"https:\/\/www.arwinox.pl\/index.php\/wp-json\/wp\/v2\/types\/page"}],"author":[{"embeddable":true,"href":"https:\/\/www.arwinox.pl\/index.php\/wp-json\/wp\/v2\/users\/1"}],"replies":[{"embeddable":true,"href":"https:\/\/www.arwinox.pl\/index.php\/wp-json\/wp\/v2\/comments?post=548"}],"version-history":[{"count":8,"href":"https:\/\/www.arwinox.pl\/index.php\/wp-json\/wp\/v2\/pages\/548\/revisions"}],"predecessor-version":[{"id":1206,"href":"https:\/\/www.arwinox.pl\/index.php\/wp-json\/wp\/v2\/pages\/548\/revisions\/1206"}],"wp:attachment":[{"href":"https:\/\/www.arwinox.pl\/index.php\/wp-json\/wp\/v2\/media?parent=548"}],"curies":[{"name":"wp","href":"https:\/\/api.w.org\/{rel}","templated":true}]}}