{"id":880,"date":"2023-01-22T22:04:32","date_gmt":"2023-01-22T22:04:32","guid":{"rendered":"https:\/\/www.arwinox.pl\/?page_id=880"},"modified":"2023-01-31T16:44:00","modified_gmt":"2023-01-31T16:44:00","slug":"polityka-prywatnosci","status":"publish","type":"page","link":"https:\/\/www.arwinox.pl\/index.php\/polityka-prywatnosci\/","title":{"rendered":"Polityka prywatno\u015bci"},"content":{"rendered":"\t\t<div data-elementor-type=\"wp-page\" data-elementor-id=\"880\" class=\"elementor elementor-880\">\n\t\t\t\t\t\t\t\t\t<section class=\"elementor-section elementor-top-section elementor-element elementor-element-243eecf4 elementor-section-stretched elementor-section-boxed elementor-section-height-default elementor-section-height-default\" data-id=\"243eecf4\" data-element_type=\"section\" data-settings=\"{&quot;stretch_section&quot;:&quot;section-stretched&quot;}\">\n\t\t\t\t\t\t<div class=\"elementor-container elementor-column-gap-no\">\n\t\t\t\t\t<div class=\"elementor-column elementor-col-100 elementor-top-column elementor-element elementor-element-4a6ff2a0\" data-id=\"4a6ff2a0\" data-element_type=\"column\">\n\t\t\t<div class=\"elementor-widget-wrap elementor-element-populated\">\n\t\t\t\t\t\t\t\t<div class=\"elementor-element elementor-element-78f84b42 elementor-widget elementor-widget-text-editor\" data-id=\"78f84b42\" data-element_type=\"widget\" data-widget_type=\"text-editor.default\">\n\t\t\t\t<div class=\"elementor-widget-container\">\n\t\t\t<style>\/*! elementor - v3.17.0 - 08-11-2023 *\/\n.elementor-widget-text-editor.elementor-drop-cap-view-stacked .elementor-drop-cap{background-color:#69727d;color:#fff}.elementor-widget-text-editor.elementor-drop-cap-view-framed .elementor-drop-cap{color:#69727d;border:3px solid;background-color:transparent}.elementor-widget-text-editor:not(.elementor-drop-cap-view-default) .elementor-drop-cap{margin-top:8px}.elementor-widget-text-editor:not(.elementor-drop-cap-view-default) .elementor-drop-cap-letter{width:1em;height:1em}.elementor-widget-text-editor .elementor-drop-cap{float:left;text-align:center;line-height:1;font-size:50px}.elementor-widget-text-editor .elementor-drop-cap-letter{display:inline-block}<\/style>\t\t\t\t<p><!-- wp:paragraph --><\/p>\n<h6><span style=\"color: #000000;\">Szczeg\u00f3\u0142owa<\/span><strong><span style=\"color: #000000;\"> informacja o przetwarzaniu danych osobowych przez ARWINOX Arkadiusz Bysiek z siedzib\u0105 w Tarnowie, ul. Hodowlana 14D.<\/span><\/strong><\/h6>\n<p><span style=\"color: #000000;\"><!-- \/wp:paragraph --><!-- wp:paragraph --><\/span><\/p>\n<p><span style=\"color: #000000;\">Dnia 25 maja 2018 r. wesz\u0142y w \u017cycie nowe przepisy dotycz\u0105ce ochrony danych osobowych (tzw. RODO) \u2013 Rozporz\u0105dzenie Parlamentu Europejskiego i Rady (UE) 2016\/679 z dnia 27 kwietnia 2016 r. w sprawie ochrony os\u00f3b fizycznych w zwi\u0105zku <br \/>z przetwarzaniem danych osobowych i w sprawie swobodnego przep\u0142ywu takich danych. W zwi\u0105zku z powy\u017cszym informujemy Pani\u0105\/Pana, \u017ce Pani\/Pana dane osobowe znajduj\u0105 si\u0119 w naszej bazie i s\u0105 przetwarzane na opisanych ni\u017cej zasadach.<\/span><\/p>\n<p><span style=\"color: #000000;\"><!-- \/wp:paragraph --><!-- wp:paragraph --><\/span><\/p>\n<p><span style=\"color: #000000;\"><strong>Zakres zastosowania informacji<\/strong><\/span><\/p>\n<p><span style=\"color: #000000;\"><!-- \/wp:paragraph --><!-- wp:paragraph --><\/span><\/p>\n<p><span style=\"color: #000000;\">Informacja o przetwarzaniu danych osobowych przez ARWINOX Arkadiusz Bysiek ma zastosowanie do danych otrzymanych:<br \/><span style=\"font-size: inherit; text-align: inherit; font-family: var( --e-global-typography-text-font-family ), Sans-serif; font-weight: var( --e-global-typography-text-font-weight );\">*osobi\u015bcie,<br \/><\/span><span style=\"font-size: inherit; text-align: inherit; font-family: var( --e-global-typography-text-font-family ), Sans-serif; font-weight: var( --e-global-typography-text-font-weight );\">*drog\u0105 mailow\u0105,<br \/><\/span><\/span><span style=\"font-size: inherit; text-align: inherit; color: var( --e-global-color-text ); font-family: var( --e-global-typography-text-font-family ), Sans-serif; font-weight: var( --e-global-typography-text-font-weight );\"><span style=\"color: #000000;\">*w ramach kontakt\u00f3w handlowych, um\u00f3w z klientami lub dostawcami (tylko dane kontaktowe) oraz przez przedstawicieli ARWINOX Arkadiusz Bysiek w zakresie dzia\u0142a\u0144 zakupowych, sprzeda\u017cowych lub marketingowych\u00a0<\/span><\/span><span style=\"font-size: inherit; text-align: inherit; color: #000000; font-family: var( --e-global-typography-text-font-family ), Sans-serif; font-weight: var( --e-global-typography-text-font-weight );\">(np. w ramach spotka\u0144 lub korespondencji biznesowej, negocjacji itp.).<\/span><\/p>\n<p><!-- \/wp:list-item --><\/p>\n<p><span style=\"color: #000000;\"><!-- \/wp:list --><!-- wp:paragraph --><\/span><\/p>\n<p><span style=\"color: #000000;\"><strong>Administrator danych osobowych<\/strong><\/span><\/p>\n<p><span style=\"color: #000000;\"><!-- \/wp:paragraph --><!-- wp:paragraph --><\/span><\/p>\n<p><span style=\"color: #000000;\">Administratorem Pani\/Pana danych osobowych jest firma ARWINOX Arkadiusz Bysiek z siedzib\u0105 w Tarnowie, ul. Hodowlana 14D,\u00a0<\/span><span style=\"color: #000000;\">33-100 Tarn\u00f3w.<\/span><\/p>\n<p><span style=\"color: #000000;\"><!-- \/wp:paragraph --><!-- wp:paragraph --><\/span><\/p>\n<p><span style=\"color: #000000;\"><strong>Dane kontaktowe w sprawach dotycz\u0105cych danych osobowych<\/strong><\/span><\/p>\n<p><span style=\"color: #000000;\"><!-- \/wp:paragraph --><!-- wp:paragraph --><\/span><\/p>\n<p><span style=\"color: #000000;\">Zapytania lub \u017c\u0105dania zwi\u0105zane z przetwarzaniem danych osobowych przez ARWINOX Arkadiusz Bysiek prosimy kierowa\u0107 zgodnie\u00a0<\/span><span style=\"color: #000000;\">z podanymi poni\u017cej danymi kontaktowymi:<br \/><\/span><span style=\"font-size: inherit; text-align: inherit; font-family: var( --e-global-typography-text-font-family ), Sans-serif; font-weight: var( --e-global-typography-text-font-weight ); color: #000000;\">ARWINOX Arkadiusz Bysiek, ul. Hodowlana 14D, 33-100 Tarn\u00f3w,\u00a0<\/span><span style=\"font-size: inherit; text-align: inherit; font-family: var( --e-global-typography-text-font-family ), Sans-serif; font-weight: var( --e-global-typography-text-font-weight ); color: #000000;\">email: <\/span><a style=\"font-size: inherit; text-align: inherit; font-family: var( --e-global-typography-text-font-family ), Sans-serif; font-weight: var( --e-global-typography-text-font-weight ); color: #000000;\" href=\"mailto:biuro@arwinox.pl\">biuro@arwinox.pl<\/a><\/p>\n<p><span style=\"color: #000000;\"><!-- \/wp:paragraph --><!-- wp:paragraph --><\/span><\/p>\n<p><span style=\"color: #000000;\"><strong>Dane osobowe przetwarzane w zbiorze \u201ebaza kontakt\u00f3w\u201d<\/strong><\/span><\/p>\n<p><span style=\"color: #000000;\"><!-- \/wp:paragraph --><!-- wp:paragraph --><\/span><\/p>\n<p><span style=\"color: #000000;\">W przypadku bezpo\u015bredniego kontaktu ma Pani\/Pan pe\u0142n\u0105 kontrol\u0119 nad zakresem danych udost\u0119pnianych ARWINOX Arkadiusz Bysiek.<\/span><\/p>\n<p><span style=\"color: #000000;\"><!-- \/wp:paragraph --><!-- wp:paragraph --><\/span><\/p>\n<p><span style=\"color: #000000;\">Informujemy, \u017ce Pana\/Pani dane s\u0105 zbierane i przetwarzane w zbiorze \u201ebazie kontakt\u00f3w\u201d dla celu u\u0142atwienia nawi\u0105zywania kontakt\u00f3w s\u0142u\u017cbowych, realizacji umowy oraz rozsy\u0142ania \u017cycze\u0144 \u015bwi\u0105tecznych.<\/span><\/p>\n<p><span style=\"color: #000000;\"><!-- \/wp:paragraph --><!-- wp:paragraph --><\/span><\/p>\n<p><span style=\"color: #000000;\">Pani\/Pana dane osobowe b\u0119d\u0105 przechowywane tak d\u0142ugo, jak jest to niezb\u0119dne do wykonania umowy, a po tym czasie przez okres czasu odpowiadaj\u0105cy okresowi przedawnienia roszcze\u0144, jakie mo\u017ce podnosi\u0107 administrator danych i jakie mog\u0105 by\u0107 podnoszone wobec administratora danych.<\/span><\/p>\n<p><span style=\"color: #000000;\"><!-- \/wp:paragraph --><!-- wp:paragraph --><\/span><\/p>\n<p><span style=\"color: #000000;\">Dane ze zbioru \u201ebaza kontakt\u00f3w\u201d nie s\u0105 udost\u0119pniane innym podmiotom, za wyj\u0105tkiem podmiot\u00f3w upowa\u017cnionych do \u017c\u0105dania tych danych na podstawie powszechnie obowi\u0105zuj\u0105cych ustaw.<\/span><\/p>\n<p><span style=\"color: #000000;\"><!-- \/wp:paragraph --><!-- wp:paragraph --><\/span><\/p>\n<p><span style=\"color: #000000;\">W przypadku udost\u0119pnienia danych przez inn\u0105 osob\u0119, ARWINOX Arkadiusz Bysiek zbiera zwykle tylko podstawowe dane kontaktowe zwi\u0105zane z dzia\u0142alno\u015bci\u0105 zawodow\u0105, obejmuj\u0105ce: imi\u0119, nazwisko, adres e-mail, numer telefonu, stanowisko lub funkcj\u0119, firm\u0119 oraz ewentualnie inne dane wynikaj\u0105ce z umowy lub zam\u00f3wienia w zwi\u0105zku, z kt\u00f3rymi nast\u0119puje udost\u0119pnienie danych osobowych osoby kontaktowej.<\/span><\/p>\n<p><span style=\"color: #000000;\"><!-- \/wp:paragraph --><!-- wp:paragraph --><\/span><\/p>\n<p><span style=\"color: #000000;\"><strong>Cel i podstawa prawna przetwarzania Pani\/Pana danych:<\/strong><\/span><\/p>\n<p><span style=\"color: #000000;\"><!-- \/wp:paragraph --><!-- wp:paragraph --><\/span><\/p>\n<p><span style=\"color: #000000;\">&#8211; CEL: realizacja umowy lub zam\u00f3wienia,<br \/><\/span><span style=\"color: #000000; font-family: var( --e-global-typography-text-font-family ), Sans-serif; font-size: inherit; font-weight: var( --e-global-typography-text-font-weight ); text-align: inherit;\">&#8211; PODSTAWA: art. 6 ust. 1 pkt b) RODO<br \/><\/span><span style=\"color: #000000; font-size: inherit; text-align: inherit; font-family: var( --e-global-typography-text-font-family ), Sans-serif; font-weight: var( --e-global-typography-text-font-weight );\">W przypadku zawarcia umowy lub zam\u00f3wienia pomi\u0119dzy Pani\u0105\/Panem, a ARWINOX Arkadiusz Bysiek, dane podane przez Pani\u0105\/Pana b\u0119d\u0105 przetwarzane w celu wykonania takiej umowy lub zam\u00f3wienia oraz ich rozliczenia.<\/span><\/p>\n<p><span style=\"color: #000000;\"><!-- \/wp:paragraph --><!-- wp:paragraph --><\/span><\/p>\n<p><span style=\"color: #000000;\">&#8211; CEL: kontakty biznesowe,<br \/><\/span><span style=\"color: #000000; font-size: inherit; text-align: inherit; font-family: var( --e-global-typography-text-font-family ), Sans-serif; font-weight: var( --e-global-typography-text-font-weight );\">&#8211; PODSTAWA: art. 6 ust. 1 pkt f) RODO<\/span><\/p>\n<p><span style=\"color: #000000;\"><!-- \/wp:paragraph --><!-- wp:paragraph --><\/span><\/p>\n<p><span style=\"color: #000000;\">Przedstawiciele firmy ARWINOX Arkadiusz Bysiek mog\u0105 skontaktowa\u0107 si\u0119 z Pani\u0105\/Panem w celu przedstawienia oferty ARWINOX Arkadiusz Bysiek lub w ramach innych dzia\u0142a\u0144 marketingowych. Mo\u017ce Pani\/Pan otrzymywa\u0107 sporadycznie informacje dotycz\u0105c\u0105 produkt\u00f3w, us\u0142ug lub dzia\u0142alno\u015bci ARWINOX Arkadiusz Bysiek oraz inne informacje maj\u0105ce zwi\u0105zek z obszarami dzia\u0142alno\u015bci ARWINOX Arkadiusz Bysiek.<\/span><\/p>\n<p><span style=\"color: #000000;\"><!-- \/wp:paragraph --><!-- wp:paragraph --><\/span><\/p>\n<p><span style=\"color: #000000;\">W przypadku, gdy jest Pani\/Pan przedstawicielem dostawcy lub us\u0142ugodawcy, przedstawiciele firmy ARWINOX Arkadiusz Bysiek mog\u0105 tak\u017ce skontaktowa\u0107 si\u0119 z Pani\u0105\/Panem, aby uzyska\u0107 ofert\u0119, informacj\u0119 lub dokumenty.<\/span><\/p>\n<p><span style=\"color: #000000;\"><!-- \/wp:paragraph --><!-- wp:paragraph --><\/span><\/p>\n<p><span style=\"color: #000000;\">Przetwarzanie Pani\/Pana danych b\u0119dzie w takim wypadku podejmowane w celu realizacji prawnie uzasadnionego interesu administratora jakim jest marketing i sprzeda\u017c produkt\u00f3w i us\u0142ug oraz budowanie i umacnianie relacji biznesowych. Przys\u0142uguje Pani\/Panu prawo zg\u0142oszenia sprzeciwu wobec takiego przetwarzania danych osobowych.<\/span><\/p>\n<p><span style=\"color: #000000;\"><!-- \/wp:paragraph --><!-- wp:paragraph --><\/span><\/p>\n<p><span style=\"color: #000000;\">&#8211; CEL: odpowied\u017a na zapytanie,<br \/><\/span><span style=\"color: #000000; font-size: inherit; text-align: inherit; font-family: var( --e-global-typography-text-font-family ), Sans-serif; font-weight: var( --e-global-typography-text-font-weight );\">&#8211; PODSTAWA: art. 6 ust. 1 pkt a) RODO<\/span><\/p>\n<p><span style=\"color: #000000;\"><!-- \/wp:paragraph --><!-- wp:paragraph --><\/span><\/p>\n<p><span style=\"color: #000000;\">W przypadku przekazania zapytania w dowolnej formie, np. e-mail, telefon wyra\u017ca Pani\/Pan zgod\u0119 na kontakt zwi\u0105zany z realizacj\u0105 Pani\/Pana pro\u015bby lub zapytania.<\/span><\/p>\n<p><span style=\"color: #000000;\"><!-- \/wp:paragraph --><!-- wp:paragraph --><\/span><\/p>\n<p><span style=\"color: #000000;\">&#8211; CEL: realizacja obowi\u0105zku prawnego sporz\u0105dzenia i przechowywania dokumentacji,<br \/><\/span><span style=\"color: #000000; font-size: inherit; text-align: inherit; font-family: var( --e-global-typography-text-font-family ), Sans-serif; font-weight: var( --e-global-typography-text-font-weight );\">&#8211; PODSTAWA: art.6 ust.1 pkt c) RODO<\/span><\/p>\n<p><span style=\"color: #000000;\"><!-- \/wp:paragraph --><!-- wp:paragraph --><\/span><\/p>\n<p><span style=\"color: #000000;\">W przypadku wykonywania umowy lub zam\u00f3wienia lub innego \u015bwiadczenia na Pani\/Pana rzecz b\u0119dziemy tak\u017ce przetwarza\u0107 dane osobowe zawarte na fakturach, w ksi\u0119gach rachunkowych lub w innej dokumentacji potwierdzaj\u0105cej zawarcie <br \/>i wykonanie umowy w celu sporz\u0105dzenia i przechowywania dokument\u00f3w zgodnie z obowi\u0105zuj\u0105cymi przepisami prawa.<\/span><\/p>\n<p><span style=\"color: #000000;\"><!-- \/wp:paragraph --><!-- wp:paragraph --><\/span><\/p>\n<p><span style=\"color: #000000;\">Dotyczy to sytuacji, gdy jest Pani\/Pan stron\u0105 umowy lub zam\u00f3wienia, jak i sytuacji gdy stron\u0105 umowy lub zam\u00f3wienia jest Pani pracodawca lub podmiot, z kt\u00f3rym Pani\/Pan wsp\u00f3\u0142pracuje lub gdy zosta\u0142o wykonane na Pani\/Pana rzecz jakiekolwiek \u015bwiadczenie.<\/span><\/p>\n<p><span style=\"color: #000000;\"><!-- \/wp:paragraph --><!-- wp:paragraph --><\/span><\/p>\n<p><span style=\"color: #000000;\"><strong>Uprawnienia<\/strong><\/span><\/p>\n<p><span style=\"color: #000000;\"><!-- \/wp:paragraph --><!-- wp:paragraph --><\/span><\/p>\n<p><span style=\"color: #000000;\">Zgodnie z przepisami RODO przys\u0142uguje Pani\/Panu prawo do:<\/span><\/p>\n<p><span style=\"color: #000000;\"><!-- \/wp:paragraph --><!-- wp:paragraph --><\/span><\/p>\n<p><span style=\"color: #000000;\">1. dost\u0119pu do danych;<br \/><\/span><span style=\"color: #000000; font-size: inherit; text-align: inherit; font-family: var( --e-global-typography-text-font-family ), Sans-serif; font-weight: var( --e-global-typography-text-font-weight );\">2. sprostowania danych;<br \/><\/span><span style=\"color: #000000; font-size: inherit; text-align: inherit; font-family: var( --e-global-typography-text-font-family ), Sans-serif; font-weight: var( --e-global-typography-text-font-weight );\">3. usuni\u0119cia danych;<br \/><\/span><span style=\"color: #000000; font-size: inherit; text-align: inherit; font-family: var( --e-global-typography-text-font-family ), Sans-serif; font-weight: var( --e-global-typography-text-font-weight );\">4. ograniczenia przetwarzania danych;<br \/><\/span><span style=\"color: #000000; font-size: inherit; text-align: inherit; font-family: var( --e-global-typography-text-font-family ), Sans-serif; font-weight: var( --e-global-typography-text-font-weight );\">5. przenoszenia danych;<br \/><\/span><span style=\"color: #000000; font-size: inherit; text-align: inherit; font-family: var( --e-global-typography-text-font-family ), Sans-serif; font-weight: var( --e-global-typography-text-font-weight );\">6. sprzeciwu (gdy podstaw\u0105 przetwarzania jest prawnie uzasadniony interes administratora);<br \/><\/span><span style=\"color: #000000; font-size: inherit; text-align: inherit; font-family: var( --e-global-typography-text-font-family ), Sans-serif; font-weight: var( --e-global-typography-text-font-weight );\">7. cofni\u0119cia zgody (gdy podstaw\u0105 przetwarzania jest zgoda) w zakresie wynikaj\u0105cym z rozporz\u0105dzenia RODO.<\/span><\/p>\n<p><span style=\"color: #000000;\"><!-- \/wp:paragraph --><!-- wp:paragraph --><\/span><\/p>\n<p><span style=\"color: #000000;\">Przys\u0142uguje r\u00f3wnie\u017c Pani\/Panu prawo do wniesieni skargi do w\u0142a\u015bciwego organu nadzorczego &#8211; Prezesa Urz\u0105d Ochrony Danych Osobowych.<\/span><\/p>\n<p><span style=\"color: #000000;\"><strong>Mechanizm plik\u00f3w cookies<\/strong><br \/><\/span><\/p>\n<p><span style=\"color: #000000;\">Pliki cookies (tzw. &#8222;ciasteczka&#8221;) stanowi\u0105 dane informatyczne, w szczeg\u00f3lno\u015bci pliki tekstowe, kt\u00f3re przechowywane s\u0105 w urz\u0105dzeniu ko\u0144cowym U\u017cytkownika Serwisu i przeznaczone s\u0105 do korzystania ze stron internetowych Serwisu.<br \/><br \/>Podmiotem zamieszczaj\u0105cym na urz\u0105dzeniu ko\u0144cowym U\u017cytkownika Serwisu pliki cookies oraz uzyskuj\u0105cym do nich dost\u0119p jest operator Serwisu.<br \/><br \/>Pliki typu cookies umo\u017cliwiaj\u0105: utrzymanie sesji U\u017cytkownika, dostosowanie Serwisu do potrzeb U\u017cytkownika oraz tworzenie statystyk ogl\u0105dalno\u015bci podstron Serwisu.\u00a0<br \/><br \/>Mechanizm cookies nie jest wykorzystywany do pozyskiwania jakichkolwiek informacji o u\u017cytkownikach serwisu ani \u015bledzenia ich nawigacji. Pliki cookies stosowane w Serwisie nie przechowuj\u0105 \u017cadnych danych osobowych ani innych informacji zebranych od u\u017cytkownik\u00f3w.<\/span><\/p>\n<p>\u00a0<\/p>\n<p style=\"text-align: justify; line-height: normal; background-image: initial; background-position: initial; background-size: initial; background-repeat: initial; background-attachment: initial; background-origin: initial; background-clip: initial;\">\u00a0<\/p>\n<p style=\"text-align: justify; line-height: normal; background-image: initial; background-position: initial; background-size: initial; background-repeat: initial; background-attachment: initial; background-origin: initial; background-clip: initial;\">\u00a0<\/p>\n<p><!-- \/wp:list-item --><\/p>\n<p><!-- \/wp:list --><\/p>\t\t\t\t\t\t<\/div>\n\t\t\t\t<\/div>\n\t\t\t\t\t<\/div>\n\t\t<\/div>\n\t\t\t\t\t\t\t<\/div>\n\t\t<\/section>\n\t\t\t\t\t\t\t<\/div>\n\t\t","protected":false},"excerpt":{"rendered":"<p>Szczeg\u00f3\u0142owa informacja o przetwarzaniu danych osobowych przez ARWINOX Arkadiusz Bysiek z siedzib\u0105 w Tarnowie, ul. Hodowlana 14D. Dnia 25 maja 2018 r. wesz\u0142y w \u017cycie nowe przepisy dotycz\u0105ce ochrony danych osobowych (tzw. RODO) \u2013 Rozporz\u0105dzenie Parlamentu Europejskiego i Rady (UE) 2016\/679 z dnia 27 kwietnia 2016 r. w sprawie ochrony os\u00f3b fizycznych w zwi\u0105zku z [&hellip;]<\/p>\n","protected":false},"author":1,"featured_media":0,"parent":0,"menu_order":0,"comment_status":"closed","ping_status":"closed","template":"","meta":{"footnotes":""},"yoast_head":"<!-- This site is optimized with the Yoast SEO plugin v21.5 - https:\/\/yoast.com\/wordpress\/plugins\/seo\/ -->\n<title>Polityka prywatno\u015bci - ARWINOX<\/title>\n<meta name=\"robots\" content=\"index, follow, max-snippet:-1, max-image-preview:large, max-video-preview:-1\" \/>\n<link rel=\"canonical\" href=\"https:\/\/www.arwinox.pl\/index.php\/polityka-prywatnosci\/\" \/>\n<meta property=\"og:locale\" content=\"pl_PL\" \/>\n<meta property=\"og:type\" content=\"article\" \/>\n<meta property=\"og:title\" content=\"Polityka prywatno\u015bci - ARWINOX\" \/>\n<meta property=\"og:description\" content=\"Szczeg\u00f3\u0142owa informacja o przetwarzaniu danych osobowych przez ARWINOX Arkadiusz Bysiek z siedzib\u0105 w Tarnowie, ul. Hodowlana 14D. Dnia 25 maja 2018 r. wesz\u0142y w \u017cycie nowe przepisy dotycz\u0105ce ochrony danych osobowych (tzw. RODO) \u2013 Rozporz\u0105dzenie Parlamentu Europejskiego i Rady (UE) 2016\/679 z dnia 27 kwietnia 2016 r. w sprawie ochrony os\u00f3b fizycznych w zwi\u0105zku z [&hellip;]\" \/>\n<meta property=\"og:url\" content=\"https:\/\/www.arwinox.pl\/index.php\/polityka-prywatnosci\/\" \/>\n<meta property=\"og:site_name\" content=\"ARWINOX\" \/>\n<meta property=\"article:modified_time\" content=\"2023-01-31T16:44:00+00:00\" \/>\n<meta name=\"twitter:card\" content=\"summary_large_image\" \/>\n<meta name=\"twitter:label1\" content=\"Szacowany czas czytania\" \/>\n\t<meta name=\"twitter:data1\" content=\"5 minut\" \/>\n<script type=\"application\/ld+json\" class=\"yoast-schema-graph\">{\"@context\":\"https:\/\/schema.org\",\"@graph\":[{\"@type\":\"WebPage\",\"@id\":\"https:\/\/www.arwinox.pl\/index.php\/polityka-prywatnosci\/\",\"url\":\"https:\/\/www.arwinox.pl\/index.php\/polityka-prywatnosci\/\",\"name\":\"Polityka prywatno\u015bci - ARWINOX\",\"isPartOf\":{\"@id\":\"https:\/\/www.arwinox.pl\/#website\"},\"datePublished\":\"2023-01-22T22:04:32+00:00\",\"dateModified\":\"2023-01-31T16:44:00+00:00\",\"breadcrumb\":{\"@id\":\"https:\/\/www.arwinox.pl\/index.php\/polityka-prywatnosci\/#breadcrumb\"},\"inLanguage\":\"pl-PL\",\"potentialAction\":[{\"@type\":\"ReadAction\",\"target\":[\"https:\/\/www.arwinox.pl\/index.php\/polityka-prywatnosci\/\"]}]},{\"@type\":\"BreadcrumbList\",\"@id\":\"https:\/\/www.arwinox.pl\/index.php\/polityka-prywatnosci\/#breadcrumb\",\"itemListElement\":[{\"@type\":\"ListItem\",\"position\":1,\"name\":\"Strona g\u0142\u00f3wna\",\"item\":\"https:\/\/www.arwinox.pl\/\"},{\"@type\":\"ListItem\",\"position\":2,\"name\":\"Polityka prywatno\u015bci\"}]},{\"@type\":\"WebSite\",\"@id\":\"https:\/\/www.arwinox.pl\/#website\",\"url\":\"https:\/\/www.arwinox.pl\/\",\"name\":\"ARWINOX\",\"description\":\"     biuro@arwinox.pl,    tel. +48 609767607\",\"publisher\":{\"@id\":\"https:\/\/www.arwinox.pl\/#organization\"},\"potentialAction\":[{\"@type\":\"SearchAction\",\"target\":{\"@type\":\"EntryPoint\",\"urlTemplate\":\"https:\/\/www.arwinox.pl\/?s={search_term_string}\"},\"query-input\":\"required name=search_term_string\"}],\"inLanguage\":\"pl-PL\"},{\"@type\":\"Organization\",\"@id\":\"https:\/\/www.arwinox.pl\/#organization\",\"name\":\"ARWINOX\",\"url\":\"https:\/\/www.arwinox.pl\/\",\"logo\":{\"@type\":\"ImageObject\",\"inLanguage\":\"pl-PL\",\"@id\":\"https:\/\/www.arwinox.pl\/#\/schema\/logo\/image\/\",\"url\":\"https:\/\/www.arwinox.pl\/wp-content\/uploads\/2023\/01\/Logo-arwinox3.png\",\"contentUrl\":\"https:\/\/www.arwinox.pl\/wp-content\/uploads\/2023\/01\/Logo-arwinox3.png\",\"width\":6900,\"height\":1980,\"caption\":\"ARWINOX \"},\"image\":{\"@id\":\"https:\/\/www.arwinox.pl\/#\/schema\/logo\/image\/\"}}]}<\/script>\n<!-- \/ Yoast SEO plugin. -->","yoast_head_json":{"title":"Polityka prywatno\u015bci - ARWINOX","robots":{"index":"index","follow":"follow","max-snippet":"max-snippet:-1","max-image-preview":"max-image-preview:large","max-video-preview":"max-video-preview:-1"},"canonical":"https:\/\/www.arwinox.pl\/index.php\/polityka-prywatnosci\/","og_locale":"pl_PL","og_type":"article","og_title":"Polityka prywatno\u015bci - ARWINOX","og_description":"Szczeg\u00f3\u0142owa informacja o przetwarzaniu danych osobowych przez ARWINOX Arkadiusz Bysiek z siedzib\u0105 w Tarnowie, ul. Hodowlana 14D. Dnia 25 maja 2018 r. wesz\u0142y w \u017cycie nowe przepisy dotycz\u0105ce ochrony danych osobowych (tzw. RODO) \u2013 Rozporz\u0105dzenie Parlamentu Europejskiego i Rady (UE) 2016\/679 z dnia 27 kwietnia 2016 r. w sprawie ochrony os\u00f3b fizycznych w zwi\u0105zku z [&hellip;]","og_url":"https:\/\/www.arwinox.pl\/index.php\/polityka-prywatnosci\/","og_site_name":"ARWINOX","article_modified_time":"2023-01-31T16:44:00+00:00","twitter_card":"summary_large_image","twitter_misc":{"Szacowany czas czytania":"5 minut"},"schema":{"@context":"https:\/\/schema.org","@graph":[{"@type":"WebPage","@id":"https:\/\/www.arwinox.pl\/index.php\/polityka-prywatnosci\/","url":"https:\/\/www.arwinox.pl\/index.php\/polityka-prywatnosci\/","name":"Polityka prywatno\u015bci - ARWINOX","isPartOf":{"@id":"https:\/\/www.arwinox.pl\/#website"},"datePublished":"2023-01-22T22:04:32+00:00","dateModified":"2023-01-31T16:44:00+00:00","breadcrumb":{"@id":"https:\/\/www.arwinox.pl\/index.php\/polityka-prywatnosci\/#breadcrumb"},"inLanguage":"pl-PL","potentialAction":[{"@type":"ReadAction","target":["https:\/\/www.arwinox.pl\/index.php\/polityka-prywatnosci\/"]}]},{"@type":"BreadcrumbList","@id":"https:\/\/www.arwinox.pl\/index.php\/polityka-prywatnosci\/#breadcrumb","itemListElement":[{"@type":"ListItem","position":1,"name":"Strona g\u0142\u00f3wna","item":"https:\/\/www.arwinox.pl\/"},{"@type":"ListItem","position":2,"name":"Polityka prywatno\u015bci"}]},{"@type":"WebSite","@id":"https:\/\/www.arwinox.pl\/#website","url":"https:\/\/www.arwinox.pl\/","name":"ARWINOX","description":"     biuro@arwinox.pl,    tel. +48 609767607","publisher":{"@id":"https:\/\/www.arwinox.pl\/#organization"},"potentialAction":[{"@type":"SearchAction","target":{"@type":"EntryPoint","urlTemplate":"https:\/\/www.arwinox.pl\/?s={search_term_string}"},"query-input":"required name=search_term_string"}],"inLanguage":"pl-PL"},{"@type":"Organization","@id":"https:\/\/www.arwinox.pl\/#organization","name":"ARWINOX","url":"https:\/\/www.arwinox.pl\/","logo":{"@type":"ImageObject","inLanguage":"pl-PL","@id":"https:\/\/www.arwinox.pl\/#\/schema\/logo\/image\/","url":"https:\/\/www.arwinox.pl\/wp-content\/uploads\/2023\/01\/Logo-arwinox3.png","contentUrl":"https:\/\/www.arwinox.pl\/wp-content\/uploads\/2023\/01\/Logo-arwinox3.png","width":6900,"height":1980,"caption":"ARWINOX "},"image":{"@id":"https:\/\/www.arwinox.pl\/#\/schema\/logo\/image\/"}}]}},"_links":{"self":[{"href":"https:\/\/www.arwinox.pl\/index.php\/wp-json\/wp\/v2\/pages\/880"}],"collection":[{"href":"https:\/\/www.arwinox.pl\/index.php\/wp-json\/wp\/v2\/pages"}],"about":[{"href":"https:\/\/www.arwinox.pl\/index.php\/wp-json\/wp\/v2\/types\/page"}],"author":[{"embeddable":true,"href":"https:\/\/www.arwinox.pl\/index.php\/wp-json\/wp\/v2\/users\/1"}],"replies":[{"embeddable":true,"href":"https:\/\/www.arwinox.pl\/index.php\/wp-json\/wp\/v2\/comments?post=880"}],"version-history":[{"count":8,"href":"https:\/\/www.arwinox.pl\/index.php\/wp-json\/wp\/v2\/pages\/880\/revisions"}],"predecessor-version":[{"id":1008,"href":"https:\/\/www.arwinox.pl\/index.php\/wp-json\/wp\/v2\/pages\/880\/revisions\/1008"}],"wp:attachment":[{"href":"https:\/\/www.arwinox.pl\/index.php\/wp-json\/wp\/v2\/media?parent=880"}],"curies":[{"name":"wp","href":"https:\/\/api.w.org\/{rel}","templated":true}]}}